t c(w) be the third derivative of -w**6/120 + 13*w**5/60 + 13*w**4/24 + 3*w**3 - 98*w**2. Let v be c(14). Let g(d) = -d**3 + 5*d**2 - 6*d + 4. Determine g(v).
-4
Let t(r) = 2*r - 41. Let n = -2749 + 2765. What is t(n)?
-9
Let t be 690/(-78) - (-22)/(-143). Let z(d) = -d**3 - 9*d**2 - 3*d - 9. Calculate z(t).
18
Let p(n) be the second derivative of -3*n**5/20 + n**4/3 - n**3/2 + 3*n - 135. Determine p(1).
-2
Let w(p) = -5*p + 3. Let r(m) = 16*m - 10. Let v(f) = -2*r(f) - 7*w(f). Suppose -4*c + 11 = -13. Suppose 2*l = -b - 2, l - c + 4 = -2*b. Determine v(b).
5
Let t(p) = 248*p - 27. Let h(r) = 37*r - 4. Let k(z) = 20*h(z) - 3*t(z). Determine k(7).
-27
Let t be (-15)/(-9)*144/40. Suppose -t*h + h - 2*l + 33 = 0, 0 = -h - 4*l + 21. Let b(k) = k**3 - 7*k**2 + 7*k. What is b(h)?
-15
Let k(s) = 33*s - 206. Let z = 30290 - 30284. Calculate k(z).
-8
Let m(i) = 13478*i - 63 + 13472*i - 40417*i + 13470*i. What is m(17)?
-12
Suppose k - 2*r = 6*k + 74, k + 3*r = -7. Suppose -3*s = 4*y - 51, 3*y = 2*s - 4*s + 38. Let z = k + y. Let i(x) = -x**3 - 6*x**2 - 3*x + 2. What is i(z)?
-18
Suppose -2*d - 6 = -3*j, -3*d + d - 6 = 5*j. Let m(f) = 2*f - 9. Give m(j).
-9
Let r(k) = k**2 + 5*k + 1. Let t be r(-4). Let j(h) = -12*h - 2. Let m(d) = -1. Let x(l) = -3. Let q(n) = 2*m(n) - x(n). Let p(o) = j(o) - q(o). What is p(t)?
33
Suppose -3*h = 3*d - 12, 2*d + 4 = 3*d - 2*h. Let v(y) = -2*y**2 - 2*y - 4 - d*y + 11*y. Determine v(3).
-7
Let x(r) be the first derivative of -11*r**2/2 + 41*r + 1954. Give x(4).
-3
Let z(j) be the first derivative of j**4/2 - 17*j**3/3 - 12*j**2 - 54*j - 5406. Give z(10).
6
Let f = -368 + 376. Let a(r) = -r**3 + 9*r**2 - 9*r + 8. Calculate a(f).
0
Let q = 11508 - 11519. Let b(r) = -r**3 - 9*r**2 + 17*r - 37. Give b(q).
18
Let s(v) = 13*v + 22 - 17*v**2 + v**2 + 33 - 27 + 17*v**2. Determine s(-12).
16
Let l(m) = -10*m + 21. Let k be ((-3)/2 - 0)/((-5808)/7744). What is l(k)?
1
Let c = -393 - -388. Let r(n) = 2*n**3 + 11*n**2 + 8*n + 9. Let x be r(c). Let h(p) = p**2 + 6*p + 9. Calculate h(x).
9
Let u(k) = k**2 + 2*k**3 + k - 43*k**3 + 42*k**3 - 68 + 80. Let o(n) = n**3 + 6*n**2 - 7*n. Let f be o(-7). Determine u(f).
12
Let p(z) = 1255*z - 6282. Let g be p(5). Let c(k) = 61*k + 425. Determine c(g).
-2
Let n(h) be the third derivative of -h**4/6 + 29*h**3/6 - 2956*h**2. Calculate n(22).
-59
Let a be 162/24*(2/1 - 6). Let u = -18 - a. Suppose -4*w + u*w = -25. Let c(d) = d**3 + 6*d**2 + 5*d + 6. Give c(w).
6
Let u be (-1)/(20/(-6) - -3). Let z(y) = -974 + 443 + 2*y + 528. Give z(u).
3
Let i(x) be the second derivative of -x**5/5 + x**4/12 + x**3 - 2*x**2 - 10*x + 25. Give i(2).
-20
Suppose -134 = 2*r + q, q - 119 = -5*r - 460. Let b = r + 75. Let h(k) = -b*k - k + 7*k - 2*k + 5. Determine h(6).
-7
Suppose -2*x + 174 = -4*x. Suppose 12*f = -719 + 1787. Let y = x + f. Let i(b) = -5*b**2 + 2*b + 1. Determine i(y).
-15
Suppose -3*s = -5*j + 210, -j + 2*j + 3*s - 60 = 0. Let m be (1/(-1))/(9/j). Let z(o) = 13*o + 6. Let v(b) = -8*b - 3. Let i(c) = -5*v(c) - 3*z(c). Give i(m).
-8
Let d(u) = 2*u**3 - 7*u**2 - u + 1. Let o = 29 + 0. Let l = -30 + o. Let n(t) = -t**3 + t**2 + t - 1. Let k(c) = l*n(c) - d(c). Determine k(6).
0
Let t(a) = -a**2 + 5*a + 53. Suppose -9 = -u + 1. Let l be t(u). Suppose -l*n - 2*n = 0, -3*f + 3*n - 6 = 0. Let v(i) = 8*i + 3. Determine v(f).
-13
Let h(y) = -3*y + 4. Suppose -6*g = -z - 25, 4*z - 5*g = z - 23. Determine h(z).
7
Let j(v) = -90*v - 723. Let c be (-128)/(-12)*3*(-50)/200. Determine j(c).
-3
Suppose 4*f = -5*q + 7*q - 8, q = -3*f + 9. Let n(o) = o**2 + o + 3. Calculate n(q).
45
Suppose 2*h = 6*h - 12. Let b(r) = -3*r + r + h + 3*r + 0*r. Let z = 1132 - 1137. Calculate b(z).
-2
Let n(f) = -2*f**2 - 81*f + 5*f**2 - 4*f**2 + 78*f + 5 + 0*f**2. Let u be 2 + 1 + 1 + -2. Let o be (-6)/u - (-1 - -2). Determine n(o).
1
Let t(o) = 2*o - 10. Let y be -6 + 13 + (-4)/((-28)/(-7)). Calculate t(y).
2
Let l(s) = s**3 + 12*s**2 + 21*s + 13. Let x be l(-10). Let z(i) = -7*i - 9 + 2*i + x*i + i**2 - 3*i. Calculate z(7).
5
Suppose 68*x - 136*x - 135 = -41*x. Let t(u) = -2 + 5*u + 2*u**3 + 8 + 6*u**2 - u**3. Determine t(x).
6
Let s(u) = 37 + 38 - u + 34 - 111. Let b be -1 + 6/4 - 16/32. Determine s(b).
-2
Suppose p + 12 = 3*p. Let u(a) be the third derivative of -a**6/120 + a**5/10 + a**3/2 + 796*a**2 + 5*a. Calculate u(p).
3
Let q be ((-20)/12)/(2/(-6)). Suppose -3*u + 4 + 5 = 3*h, -q*h = u - 31. Let b(i) = -4*i**3 + 5*i**3 - 5*i**2 - 4 - i - 3*i**2 + 6*i. What is b(h)?
-18
Let m(k) = -k**2 + 12*k - 20. Let w = 227 + -218. Suppose 12*o = 4*u + w*o - 44, 0 = -u + 2*o + 16. Calculate m(u).
12
Let s(i) = -i + 3. Let a(b) = b**3 - 5*b**2 + 8*b - 3. Let t be a(3). Suppose t*v = 4*v - 3. Suppose -o + v*o - 6 = 0. What is s(o)?
0
Let c(l) = -l**2 + 6*l. Let v be c(3). Let o be ((-90)/v)/(-1 - (-3)/5). Let x(a) = 0*a**2 + 5 - 2 - 3*a**2 - a**3 - o*a + 27*a. Determine x(-3).
-3
Let z(d) = 10*d - 30. Let l = 12038 - 12031. Give z(l).
40
Let p(n) = 2 + 8462*n - 8458*n - 3*n**2 - 5*n**2. Determine p(1).
-2
Let l be (330/(-150) - (-22)/10) + -5. Let r(o) be the third derivative of -o**6/120 - 7*o**5/60 - 5*o**4/24 + o**3/6 - o**2. Calculate r(l).
-24
Let g(z) be the first derivative of -2*z**3/3 - 3*z**2 - 4038. What is g(-4)?
-8
Let y(x) = x**2 - 13*x + 15. Suppose -119 = -41*f + 250. Calculate y(f).
-21
Let w(s) be the second derivative of -s**4/4 + 2*s**3 + s**2 - 2410*s - 2. Determine w(5).
-13
Suppose 211 = -20*v + 22*v + 5*j, -4*j + 519 = 5*v. Suppose -97*o = -v*o. Let x(m) = m**3 + m**2 + 33. Give x(o).
33
Let f(g) = 17*g**2 - 4*g - 2. Suppose 32 = h + 5*w, -5*h + 4*h - 18 = -5*w. Let k(z) = 5*z**2 - z - 1. Let a(u) = h*k(u) - 2*f(u). Give a(-3).
3
Suppose -16 = -5*t + 3*r, 0 = t + 328*r - 330*r + 1. Let f(y) = -4 - 2*y - y + 0*y**2 + 6*y**2 - y**3. Determine f(t).
6
Let q(i) = i - 16*i**3 + 1 + 2*i - 4*i. Let z be (-3)/(-1) + -16 + (4 - -10). What is q(z)?
-16
Suppose -143*i = 268*i - 292*i - 595. Let a(r) = 3 + 0 - r + 0*r**2 - r**2. Calculate a(i).
-27
Let x(f) = 9*f**2 + 1531*f + 170. Let a be x(-170). Let d(v) be the second derivative of -v**5/20 + 10*v**2 - 3*v. What is d(a)?
20
Suppose 133*j - 548 - 398 = -148. Let g(t) = t**3 - 3*t**2 - 3*t + 4. Let m(p) = -p**3 + 4*p**2 + 2*p - 5. Let d(i) = -2*g(i) - 3*m(i). Determine d(j).
7
Let u(a) = a**3 + 6*a**2 + 20*a - 3. Let m be 0 - 9 - (4 + 21 - 28). Determine u(m).
-123
Let u = -54 + 52. Let f be (-10)/15*9/u. Let g(v) be the first derivative of -v**4/4 + v**3 - v**2/2 - 2*v - 3. Calculate g(f).
-5
Suppose 2*u + 10 = 8*f - 3*f, 5*u = -25. Let j(m) = m**2 + 3*m - 2. What is j(f)?
-2
Let v(c) = -3*c**2 - 20857483*c**3 + 20857484*c**3 + 9*c + 13*c**2 - 24. Determine v(-8).
32
Let m(c) = -c**2 + 20*c - 30. Suppose -2*k + 36 = 5*r - 24, 5*k - 63 = 2*r. Calculate m(k).
45
Let g(s) = -s**2 - 3*s - 5. Let b(d) be the second derivative of d**3/3 - 8*d**2 - 5*d. Let c be b(6). Let y be c/(-14) + (-390)/91. Determine g(y).
-9
Let s(q) = q**2 - q - 6. Let u(h) = -23*h - 801. Let b be u(-35). Calculate s(b).
6
Let b = 8 + 1. Let z(g) = -9*g**3 + 6*g**2. Let o(i) = 29*i**3 - 17*i**2 - 2*i - 2. Let h(u) = 4*o(u) + 13*z(u). Determine h(b).
1
Let q(d) = 7*d**3 - 2*d**2 + 9*d - 1. Let p be q(2). Let h(t) = -6 + p*t - 128*t + 64*t. Calculate h(5).
-1
Let k(a) = -10*a - 1. Let t be 1026/14 + (264/(-42) - -6). Let l = t + -65. Suppose -l*w + 5 = -p - 5*w, 12 = 2*p + 5*w. What is k(p)?
-11
Suppose -3*d - 58 = -46. Let n be 450/d*(245/(-21) - -7). Let u be (6/5)/(15/(n/14)). Let h(x) = x**3 - 2*x**2 - 3*x - 2. What is h(u)?
-2
Let u = 9249 + -9228. Let c(q) = -3*q + 56. What is c(u)?
-7
Let m(v) be the third derivative of v**5/30 + 7*v**4/6 + v**3/3 - 25*v**2. Let k(l) = l**2 + 13*l + 1. Let d(r) = -9*k(r) + 4*m(r). Determine d(-4).
3
Let d(s) be the second derivative of 31*s - 2/3*s**3 + 0 - 1/12*s**4 + 0*s**2. Calculate d(-3).
3
Let j(v) = 3*v**3 + 4*v**2 - 61*v + 16. Let s(r) = r**3 + 2*r**2 - 22*r + 5. Let b(o) = -6*j(o) + 17*s(o). Determine b(9).
-2
Let g(r) = -r**2 - r + 5. Let d(y) = 6 - y**2 + 0*y - 1 - 2*y. Let f = -671 + 678. Let o(s) = f*g(s) - 6*d(s). What is o(6)?
-1
Let p(v) = 5 - 5*v - v**2 - 5*v**3 + 4*v + 2*v**2. Let o(y) = -y**3 - y**2 + 1. Let t(d) = 4*o(d) - p(d). Suppose 3*w + 5 =